s divided by 6990.
134
What is the remainder when 1730396 is divided by 573823?
8927
What is the remainder when 4156797 is divided by 1200?
1197
What is the remainder when 1134093 is divided by 12?
9
What is the remainder when 138088 is divided by 1591?
1262
What is the remainder when 296665 is divided by 157?
92
What is the remainder when 3361719 is divided by 96?
87
What is the remainder when 10964614 is divided by 121829?
4
What is the remainder when 1705859845 is divided by 279?
277
Calculate the remainder when 195531 is divided by 298.
43
What is the remainder when 3435946 is divided by 737?
52
What is the remainder when 6194548 is divided by 2033?
2030
What is the remainder when 17082991 is divided by 250?
241
What is the remainder when 24160 is divided by 1534?
1150
Calculate the remainder when 1288785493 is divided by 462.
457
What is the remainder when 190707964 is divided by 46?
14
What is the remainder when 46589 is divided by 22986?
617
What is the remainder when 101108 is divided by 842?
68
Calculate the remainder when 1884519 is divided by 3238.
3
Calculate the remainder when 453862 is divided by 18154.
12
What is the remainder when 667187 is divided by 20835?
467
Calculate the remainder when 162961 is divided by 3132.
97
What is the remainder when 96565 is divided by 32031?
472
Calculate the remainder when 97036441 is divided by 62.
55
Calculate the remainder when 106121 is divided by 48.
41
Calculate the remainder when 1794529 is divided by 1292.
1233
Calculate the remainder when 17115 is divided by 107.
102
Calculate the remainder when 727236 is divided by 12.
0
Calculate the remainder when 7174767 is divided by 275.
17
Calculate the remainder when 36215161 is divided by 1088.
1081
Calculate the remainder when 333296 is divided by 278.
252
What is the remainder when 5007955 is divided by 1247?
3
Calculate the remainder when 2221793 is divided by 555434.
57
Calculate the remainder when 58277 is divided by 3832.
797
What is the remainder when 15384 is divided by 15210?
174
What is the remainder when 3533418 is divided by 301?
280
Calculate the remainder when 466632 is divided by 155502.
126
What is the remainder when 12505 is divided by 1767?
136
What is the remainder when 1852961 is divided by 4125?
836
What is the remainder when 56035 is divided by 3588?
2215
What is the remainder when 44732619 is divided by 173?
9
Calculate the remainder when 775812 is divided by 4128.
3876
What is the remainder when 49016939 is divided by 92?
75
What is the remainder when 307778569 is divided by 596?
593
Calculate the remainder when 4022639 is divided by 761.
754
What is the remainder when 10959054 is divided by 576?
78
Calculate the remainder when 459349893 is divided by 328.
325
Calculate the remainder when 5349444 is divided by 552.
12
Calculate the remainder when 608481 is divided by 5482.
5461
Calculate the remainder when 43364999 is divided by 49.
48
Calculate the remainder when 9720976 is divided by 49.
13
Calculate the remainder when 4814336 is divided by 15.
11
What is the remainder when 3328685 is divided by 57?
56
Calculate the remainder when 260576 is divided by 129170.
2236
What is the remainder when 7019930 is divided by 64403?
3
Calculate the remainder when 28532 is divided by 134.
124
What is the remainder when 4948597 is divided by 1090?
1087
What is the remainder when 3331427 is divided by 1090?
387
Calculate the remainder when 25779 is divided by 1360.
1299
What is the remainder when 8889143 is divided by 1484?
1467
What is the remainder when 1689901 is divided by 327?
292
What is the remainder when 21293958 is divided by 170?
98
Calculate the remainder when 2715341 is divided by 24244.
13
Calculate the remainder when 32766 is divided by 10641.
843
Calculate the remainder when 34112 is divided by 2908.
2124
What is the remainder when 1983310 is divided by 16?
14
Calculate the remainder when 1765413 is divided by 117694.
3
What is the remainder when 864928 is divided by 43244?
48
What is the remainder when 763911 is divided by 84874?
45
Calculate the remainder when 32159158 is divided by 60.
58
What is the remainder when 2156390 is divided by 376?
30
Calculate the remainder when 399903 is divided by 5404.
7
Calculate the remainder when 20577028 is divided by 813.
811
What is the remainder when 273016 is divided by 5806?
134
Calculate the remainder when 41614307 is divided by 12.
11
What is the remainder when 69803180 is divided by 2043?
2042
What is the remainder when 661425 is divided by 436?
13
What is the remainder when 197018 is divided by 48923?
1326
Calculate the remainder when 21495739 is divided by 273.
265
Calculate the remainder when 1044369 is divided by 345656.
7401
Calculate the remainder when 1252675 is divided by 769.
743
What is the remainder when 318247 is divided by 2194?
117
Calculate the remainder when 7229173 is divided by 89249.
4
Calculate the remainder when 252979 is divided by 42121.
253
Calculate the remainder when 1296767 is divided by 324189.
11
Calculate the remainder when 4242879 is divided by 471427.
36
Calculate the remainder when 436162 is divided by 436116.
46
Calculate the remainder when 64987 is divided by 1658.
325
What is the remainder when 169148 is divided by 3685?
3323
What is the remainder when 838944 is divided by 21511?
15
Calculate the remainder when 232519 is divided by 3910.
1829
What is the remainder when 1170415 is divided by 5225?
15
Calculate the remainder when 186558612 is divided by 951.
942
Calculate the remainder when 199606 is divided by 28501.
99
Calculate the remainder when 4391342 is divided by 1314.
1268
Calculate the remainder when 66887 is divided by 6589.
997
Calculate the remainder when 115386238 is divided by 17.
13
What is the remainder when 1816794 is divided by 19?
14
What is the remainder when 78301 is divided by 3237?
613
Calculate the remainder when 1368824 is divided by 62219.
6
What is the remainder when 19164002 is divided by 76?
70
Calculate the remainder when 32249 is divided by 132.
41
Calculate the remainder when 179038 is divided by 1093.
879
Calculate the remainder when 19393252 is divided by 49.
32
What is the remainder when 70072 is divided by 17518?
0
Calculate the remainder when 1921468 is divided by 1684.
24
Calculate the remainder when 3074996 is divided by 722.
720
What is the remainder when 51677211 is divided by 1509?
1506
What is the remainder when 1432447 is divided by 1216?
1215
What is the remainder when 1672720 is divided by 557531?
127
Calculate the remainder when 75040750 is divided by 681.
679
Calculate the remainder when 818070 is divided by 163541.
365
Calculate the remainder when 438588 is divided by 786.
0
What is the remainder when 772922 is divided by 1295?
1102
Calculate the remainder when 12841998 is divided by 3666.
0
What is the remainder when 79683 is divided by 39806?
71
Calculate the remainder when 6800966 is divided by 18.
8
Calculate the remainder when 1418252 is divided by 636.
608
Calculate the remainder when 112024298 is divided by 2225.
2223
Calculate the remainder when 286947155 is divided by 2906.
2903
What is the remainder when 134675 is divided by 194?
39
Calculate the remainder when 2415561 is divided by 51.
48
Calculate the remainder when 17928039 is divided by 1567.
1559
What is the remainder when 14597055 is divided by 70178?
31
Calculate the remainder when 150016099 is divided by 75008047.
5
What is the remainder when 196577 is divided by 10104?
4601
Calculate the remainder when 13702295 is divided by 381.
11
Calculate the remainder when 34642914 is divided by 821.
819
Calculate the remainder when 38528749 is divided by 2032.
2029
Calculate the remainder when 2167513 is divided by 315.
313
What is the remainder when 834752 is divided by 125?
2
Calculate the remainder when 45833958 is divided by 3.
0
Calculate the remainder when 5230906 is divided by 437.
16
What is the remainder when 859843856 is divided by 10?
6
What is the remainder when 169696 is divided by 1088?
1056
What is the remainder when 914240 is divided by 109?
57
Calculate the remainder when 6000230 is divided by 4046.
12
Calculate the remainder when 230202 is divided by 16.
10
What is the remainder when 16376380 is divided by 272937